{"id":571,"date":"2024-10-24T06:34:40","date_gmt":"2024-10-24T06:34:40","guid":{"rendered":"https:\/\/automotiveleon.com.mx\/?post_type=product&#038;p=571"},"modified":"2024-10-24T06:34:41","modified_gmt":"2024-10-24T06:34:41","slug":"anticongelante-rosa-pentofrost-sf-pentosin-8114107-1-5-lt","status":"publish","type":"product","link":"https:\/\/automotiveleon.com.mx\/index.php\/producto\/anticongelante-rosa-pentofrost-sf-pentosin-8114107-1-5-lt\/","title":{"rendered":"Anticongelante Rosa Pentofrost Sf Pentosin 8114107 1.5 Lt"},"content":{"rendered":"<p>Anticongelante; SF; Respetuoso con el medio ambiente; Sin silicato; Rosado Y Claro; 1,5 litros;<br \/>\nPentofrost SF es un concentrado anticongelante ecol\u00f3gico para aplicaciones multiprop\u00f3sito en motores refrigerados por agua. No contiene nitritos, aminas ni aditivos que contengan f\u00f3sforo. Adem\u00e1s, no contiene silicatos. Pentofrost SF protege todo el material utilizado en los sistemas de refrigeraci\u00f3n y se recomienda para metales no ferrosos y para uso durante todo el a\u00f1o. Cumple con ASTM D-3306.<\/p>\n<p>Color: Rosa<br \/>\nPunto de inflamaci\u00f3n (grados C): 110 grados<br \/>\nPunto de inflamaci\u00f3n (grados F): 230 grados<br \/>\nTama\u00f1o del recipiente: 1,5 litros<br \/>\nEst\u00e1ndares: ASTM D3306 Mezcla: Concentrado F\u00f3rmula\/Tecnolog\u00eda: Tecnolog\u00eda de \u00e1cido org\u00e1nico (OAT) Punto de congelaci\u00f3n Mezcla 50\/50 (grados F): -34 gradosPunto de congelaci\u00f3n Mezcla 50\/50 (grados C): -37 gradosPunto de ebullici\u00f3n Mezcla 50\/50 (grados C): 108 gradosPunto de ebullici\u00f3n Mezcla 50\/50 (grados F): 228 grados<\/p>\n<p>Fabricado seg\u00fan la formulaci\u00f3n espec\u00edfica de aplicaciones OE. Fabricado seg\u00fan las especificaciones exactas de DIN y ASTM D-3306. Protege contra la corrosi\u00f3n y la cavitaci\u00f3n. No hace espuma<br \/>\nCuando es imprescindible un anticongelante de calidad original, los t\u00e9cnicos de reparaci\u00f3n profesionales recurren a Pentosin. Espec\u00edficamente adaptada para su uso en motores de aleaci\u00f3n y formulada para uso durante todo el a\u00f1o, esta l\u00ednea de refrigerantes de motor modernos no contiene nitritos ni aminas.<br \/>\nPentosin Antifreeze previene la formaci\u00f3n de cal, protege contra la corrosi\u00f3n y la cavitaci\u00f3n y nunca forma espuma. Garantizado.<\/p>\n<p>Todos los fluidos anticongelantes Pentosin se fabrican seg\u00fan las especificaciones exactas de DIN, ASTM y DBL. Entonces, para obtener el mejor cuidado del sistema de enfriamiento, el programa Pentosin Antifreeze de CRP Automotive es la opci\u00f3n clara.<\/p>\n","protected":false},"excerpt":{"rendered":"<h2 class=\"ui-pdp-title\">Anticongelante Rosa Pentofrost Sf Pentosin 8114107 1.5 Lt<\/h2>\n<div class=\"ui-pdp-specs__table\">\n<table class=\"andes-table\">\n<tbody class=\"andes-table__body\">\n<tr class=\"andes-table__row\">\n<th class=\"andes-table__header andes-table__header--left ui-pdp-specs__table__column ui-pdp-specs__table__column-title\" scope=\"row\">\n<div class=\"andes-table__header__container\">Marca<\/div>\n<\/th>\n<td id=\":R2iesqk9im:\" class=\"andes-table__column andes-table__column--left andes-table__column--vertical-align-center ui-pdp-specs__table__column\"><span id=\":R2iesqk9im:-value\" class=\"andes-table__column--value\">Pentosin<\/span><\/td>\n<\/tr>\n<tr class=\"andes-table__row\">\n<th class=\"andes-table__header andes-table__header--left ui-pdp-specs__table__column ui-pdp-specs__table__column-title\" scope=\"row\">\n<div class=\"andes-table__header__container\">N\u00famero de parte<\/div>\n<\/th>\n<td id=\":R2imsqk9im:\" class=\"andes-table__column andes-table__column--left andes-table__column--vertical-align-center ui-pdp-specs__table__column\"><span id=\":R2imsqk9im:-value\" class=\"andes-table__column--value\">PEN-8114107<\/span><\/td>\n<\/tr>\n<tr class=\"andes-table__row\">\n<th class=\"andes-table__header andes-table__header--left ui-pdp-specs__table__column ui-pdp-specs__table__column-title\" scope=\"row\">\n<div class=\"andes-table__header__container\">Modelo<\/div>\n<\/th>\n<td id=\":R2iusqk9im:\" class=\"andes-table__column andes-table__column--left andes-table__column--vertical-align-center ui-pdp-specs__table__column\"><span id=\":R2iusqk9im:-value\" class=\"andes-table__column--value\">Premium<\/span><\/td>\n<\/tr>\n<tr class=\"andes-table__row\">\n<th class=\"andes-table__header andes-table__header--left ui-pdp-specs__table__column ui-pdp-specs__table__column-title\" scope=\"row\">\n<div class=\"andes-table__header__container\">Tipo de producto<\/div>\n<\/th>\n<td id=\":R2j6sqk9im:\" class=\"andes-table__column andes-table__column--left andes-table__column--vertical-align-center ui-pdp-specs__table__column\"><span id=\":R2j6sqk9im:-value\" class=\"andes-table__column--value\">Anticongelante<\/span><\/td>\n<\/tr>\n<tr class=\"andes-table__row\">\n<th class=\"andes-table__header andes-table__header--left ui-pdp-specs__table__column ui-pdp-specs__table__column-title\" scope=\"row\">\n<div class=\"andes-table__header__container\">Formato de venta<\/div>\n<\/th>\n<td id=\":R2jesqk9im:\" class=\"andes-table__column andes-table__column--left andes-table__column--vertical-align-center ui-pdp-specs__table__column\"><span id=\":R2jesqk9im:-value\" class=\"andes-table__column--value\">Unidad<\/span><\/td>\n<\/tr>\n<tr class=\"andes-table__row\">\n<th class=\"andes-table__header andes-table__header--left ui-pdp-specs__table__column ui-pdp-specs__table__column-title\" scope=\"row\">\n<div class=\"andes-table__header__container\">Volumen de la unidad<\/div>\n<\/th>\n<td id=\":R2jmsqk9im:\" class=\"andes-table__column andes-table__column--left andes-table__column--vertical-align-center ui-pdp-specs__table__column\"><span id=\":R2jmsqk9im:-value\" class=\"andes-table__column--value\">1.5 L<\/span><\/td>\n<\/tr>\n<tr class=\"andes-table__row\">\n<th class=\"andes-table__header andes-table__header--left ui-pdp-specs__table__column ui-pdp-specs__table__column-title\" scope=\"row\">\n<div class=\"andes-table__header__container\">Volumen neto<\/div>\n<\/th>\n<td id=\":R2jusqk9im:\" class=\"andes-table__column andes-table__column--left andes-table__column--vertical-align-center ui-pdp-specs__table__column\"><span id=\":R2jusqk9im:-value\" class=\"andes-table__column--value\">1.5 L<\/span><\/td>\n<\/tr>\n<\/tbody>\n<\/table>\n<\/div>\n<h3 class=\"ui-pdp-specs__subtitle\">Otros<\/h3>\n<div class=\"ui-pdp-list ui-pdp-specs__list\">\n<ul class=\"ui-pdp-list__wrapper\">\n<li class=\"ui-pdp-list__item\">\n<p class=\"ui-pdp-family--REGULAR ui-pdp-list__text\"><span class=\"ui-pdp-color--BLACK ui-pdp-size--XSMALL ui-pdp-family--BOLD\">Tipo de contenedor<\/span>: Bid\u00f3n<\/p>\n<\/li>\n<li class=\"ui-pdp-list__item\">\n<p class=\"ui-pdp-family--REGULAR ui-pdp-list__text\"><span class=\"ui-pdp-color--BLACK ui-pdp-size--XSMALL ui-pdp-family--BOLD\">Tipos de veh\u00edculo<\/span>: Auto\/Camioneta<\/p>\n<\/li>\n<\/ul>\n<ul class=\"ui-pdp-list__wrapper\">\n<li class=\"ui-pdp-list__item\">\n<p class=\"ui-pdp-family--REGULAR ui-pdp-list__text\"><span class=\"ui-pdp-color--BLACK ui-pdp-size--XSMALL ui-pdp-family--BOLD\">Es anticorrosivo<\/span>: S\u00ed<\/p>\n<\/li>\n<li class=\"ui-pdp-list__item\">\n<p class=\"ui-pdp-family--REGULAR ui-pdp-list__text\"><span class=\"ui-pdp-color--BLACK ui-pdp-size--XSMALL ui-pdp-family--BOLD\">Es org\u00e1nico<\/span>: S\u00ed<\/p>\n<\/li>\n<\/ul>\n<\/div>\n","protected":false},"featured_media":572,"template":"","meta":{"saved_in_kubio":false},"product_cat":[29],"product_tag":[],"class_list":{"0":"post-571","1":"product","2":"type-product","3":"status-publish","4":"has-post-thumbnail","6":"product_cat-pentosin","8":"first","9":"instock","10":"shipping-taxable","11":"product-type-simple"},"_links":{"self":[{"href":"https:\/\/automotiveleon.com.mx\/index.php\/wp-json\/wp\/v2\/product\/571","targetHints":{"allow":["GET"]}}],"collection":[{"href":"https:\/\/automotiveleon.com.mx\/index.php\/wp-json\/wp\/v2\/product"}],"about":[{"href":"https:\/\/automotiveleon.com.mx\/index.php\/wp-json\/wp\/v2\/types\/product"}],"wp:featuredmedia":[{"embeddable":true,"href":"https:\/\/automotiveleon.com.mx\/index.php\/wp-json\/wp\/v2\/media\/572"}],"wp:attachment":[{"href":"https:\/\/automotiveleon.com.mx\/index.php\/wp-json\/wp\/v2\/media?parent=571"}],"wp:term":[{"taxonomy":"product_cat","embeddable":true,"href":"https:\/\/automotiveleon.com.mx\/index.php\/wp-json\/wp\/v2\/product_cat?post=571"},{"taxonomy":"product_tag","embeddable":true,"href":"https:\/\/automotiveleon.com.mx\/index.php\/wp-json\/wp\/v2\/product_tag?post=571"}],"curies":[{"name":"wp","href":"https:\/\/api.w.org\/{rel}","templated":true}]}}