{"id":556,"date":"2024-10-24T06:26:18","date_gmt":"2024-10-24T06:26:18","guid":{"rendered":"https:\/\/automotiveleon.com.mx\/?post_type=product&#038;p=556"},"modified":"2024-10-24T06:26:18","modified_gmt":"2024-10-24T06:26:18","slug":"innova-3340a-multimetro-digital-100-automotriz-auto-rango","status":"publish","type":"product","link":"https:\/\/automotiveleon.com.mx\/index.php\/producto\/innova-3340a-multimetro-digital-100-automotriz-auto-rango\/","title":{"rendered":"Innova 3340a Mult\u00edmetro Digital 100% Automotriz Auto rango"},"content":{"rendered":"<p>Innova 3340a Multimetro 100% Automotriz Autorango<\/p>\n<p>Mult\u00edmetro profesional para autom\u00f3vil dise\u00f1ado para ayudar a detectar problemas de motor \u2013 Producto certificado UL<br \/>\nPrueba los diodos del alternador, ciclo de trabajo, solenoides, puntos de interrupci\u00f3n, cableado, interruptores, y m\u00e1s.<br \/>\nSonda de temperatura, abrazadera inductiva RPM y funda de transporte incluida.<br \/>\nCuenta con protecci\u00f3n de auto-alcance, apagado autom\u00e1tico y sobrecarga.<br \/>\nIncluye soportes de prueba para protecci\u00f3n manos libres.<\/p>\n<p>El mult\u00edmetro digital para autom\u00f3vil INNOVA 3340 es la elecci\u00f3n de los profesionales para un mult\u00edmetro de alta calidad. Las caracter\u00edsticas de calidad profesional ayudan a identificar los problemas del motor mientras que la impedancia de 10 megOhm evita da\u00f1os a la ECU (Unidad de Control Electr\u00f3nico). Incluye sonda de temperatura para medir la temperatura tanto en Celsius como en Fahrenheit. Utiliza la recolecci\u00f3n inductiva hasta RPM del veh\u00edculo (incluyendo bobina en los veh\u00edculos el\u00e9ctricos). Esta unidad proporciona pruebas con manos libres e incluye soportes para cables de prueba. Caracter\u00edsticas adicionales incluyen autorango, apagado autom\u00e1tico, protecci\u00f3n de sobrecarga, ajuste autom\u00e1tico de cero y protecci\u00f3n de polaridad inversa. Los botones Min\/Max y Hold ahorran datos recuperados y los protectores de esquina resistentes proporcionan protecci\u00f3n contra ca\u00eddas. El INNOVA 3340 es ideal para probar diodos alternadores, ciclo de trabajo, solenoides, puntos de interrupci\u00f3n, cableado, interruptores, y mucho m\u00e1s.<\/p>\n","protected":false},"excerpt":{"rendered":"<h2 class=\"ui-pdp-title\">Innova 3340a Mult\u00edmetro Digital 100% Automotriz Auto rango<\/h2>\n<div class=\"ui-pdp-specs__table\">\n<table class=\"andes-table\">\n<tbody class=\"andes-table__body\">\n<tr class=\"andes-table__row\">\n<th class=\"andes-table__header andes-table__header--left ui-pdp-specs__table__column ui-pdp-specs__table__column-title\" scope=\"row\">\n<div class=\"andes-table__header__container\">Marca<\/div>\n<\/th>\n<td id=\":R19esqk9im:\" class=\"andes-table__column andes-table__column--left andes-table__column--vertical-align-center ui-pdp-specs__table__column\"><span id=\":R19esqk9im:-value\" class=\"andes-table__column--value\">Innova<\/span><\/td>\n<\/tr>\n<tr class=\"andes-table__row\">\n<th class=\"andes-table__header andes-table__header--left ui-pdp-specs__table__column ui-pdp-specs__table__column-title\" scope=\"row\">\n<div class=\"andes-table__header__container\">Modelo<\/div>\n<\/th>\n<td id=\":R19msqk9im:\" class=\"andes-table__column andes-table__column--left andes-table__column--vertical-align-center ui-pdp-specs__table__column\"><span id=\":R19msqk9im:-value\" class=\"andes-table__column--value\">3340<\/span><\/td>\n<\/tr>\n<\/tbody>\n<\/table>\n<\/div>\n<div class=\"ui-pdp-specs-groups-collapsable ui-pdp-specs\">\n<h3 class=\"ui-pdp-specs__subtitle\">Alimentaci\u00f3n<\/h3>\n<div class=\"ui-pdp-list ui-pdp-specs__list\">\n<ul class=\"ui-pdp-list__wrapper\">\n<li class=\"ui-pdp-list__item\">\n<p class=\"ui-pdp-family--REGULAR ui-pdp-list__text\"><span class=\"ui-pdp-color--BLACK ui-pdp-size--XSMALL ui-pdp-family--BOLD\">Tipos de alimentaci\u00f3n<\/span>: Bater\u00eda\/Pila<\/p>\n<\/li>\n<\/ul>\n<\/div>\n<h3 class=\"ui-pdp-specs-groups-collapsable__subtitle\">Otros<\/h3>\n<div class=\"ui-pdp-list ui-pdp-specs-groups-collapsable__list\">\n<ul class=\"ui-pdp-list__wrapper\">\n<li class=\"ui-pdp-list__item\">\n<p class=\"ui-pdp-family--REGULAR ui-pdp-list__text\"><span class=\"ui-pdp-color--BLACK ui-pdp-size--XSMALL ui-pdp-family--BOLD\">Tipo de pantalla<\/span>: Digital<\/p>\n<\/li>\n<li class=\"ui-pdp-list__item\">\n<p class=\"ui-pdp-family--REGULAR ui-pdp-list__text\"><span class=\"ui-pdp-color--BLACK ui-pdp-size--XSMALL ui-pdp-family--BOLD\">Tensi\u00f3n m\u00e1xima CA<\/span>: 600V<\/p>\n<\/li>\n<\/ul>\n<ul class=\"ui-pdp-list__wrapper\">\n<li class=\"ui-pdp-list__item\">\n<p class=\"ui-pdp-family--REGULAR ui-pdp-list__text\"><span class=\"ui-pdp-color--BLACK ui-pdp-size--XSMALL ui-pdp-family--BOLD\">Tensi\u00f3n m\u00e1xima CC<\/span>: 600V<\/p>\n<\/li>\n<li class=\"ui-pdp-list__item\">\n<p class=\"ui-pdp-family--REGULAR ui-pdp-list__text\"><span class=\"ui-pdp-color--BLACK ui-pdp-size--XSMALL ui-pdp-family--BOLD\">Corriente m\u00e1xima CA<\/span>: 400 mA<\/p>\n<\/li>\n<\/ul>\n<ul class=\"ui-pdp-list__wrapper\">\n<li class=\"ui-pdp-list__item\">\n<p class=\"ui-pdp-family--REGULAR ui-pdp-list__text\"><span class=\"ui-pdp-color--BLACK ui-pdp-size--XSMALL ui-pdp-family--BOLD\">Corriente m\u00e1xima CC<\/span>: 400 mA<\/p>\n<\/li>\n<li class=\"ui-pdp-list__item\">\n<p class=\"ui-pdp-family--REGULAR ui-pdp-list__text\"><span class=\"ui-pdp-color--BLACK ui-pdp-size--XSMALL ui-pdp-family--BOLD\">Frecuencia m\u00e1xima<\/span>: 2000 Hz<\/p>\n<\/li>\n<\/ul>\n<ul class=\"ui-pdp-list__wrapper\">\n<li class=\"ui-pdp-list__item\">\n<p class=\"ui-pdp-family--REGULAR ui-pdp-list__text\"><span class=\"ui-pdp-color--BLACK ui-pdp-size--XSMALL ui-pdp-family--BOLD\">Resistencia m\u00e1xima<\/span>: 10 MO<\/p>\n<\/li>\n<li class=\"ui-pdp-list__item\">\n<p class=\"ui-pdp-family--REGULAR ui-pdp-list__text\"><span class=\"ui-pdp-color--BLACK ui-pdp-size--XSMALL ui-pdp-family--BOLD\">Altura x Ancho x Largo<\/span>: 17 cm x 5 cm x 8 cm<\/p>\n<\/li>\n<\/ul>\n<ul class=\"ui-pdp-list__wrapper\">\n<li class=\"ui-pdp-list__item\">\n<p class=\"ui-pdp-family--REGULAR ui-pdp-list__text\"><span class=\"ui-pdp-color--BLACK ui-pdp-size--XSMALL ui-pdp-family--BOLD\">Peso<\/span>: 300 g<\/p>\n<\/li>\n<\/ul>\n<\/div>\n<\/div>\n","protected":false},"featured_media":557,"template":"","meta":{"saved_in_kubio":false},"product_cat":[28],"product_tag":[],"class_list":{"0":"post-556","1":"product","2":"type-product","3":"status-publish","4":"has-post-thumbnail","6":"product_cat-multimetros","8":"first","9":"instock","10":"shipping-taxable","11":"product-type-simple"},"_links":{"self":[{"href":"https:\/\/automotiveleon.com.mx\/index.php\/wp-json\/wp\/v2\/product\/556","targetHints":{"allow":["GET"]}}],"collection":[{"href":"https:\/\/automotiveleon.com.mx\/index.php\/wp-json\/wp\/v2\/product"}],"about":[{"href":"https:\/\/automotiveleon.com.mx\/index.php\/wp-json\/wp\/v2\/types\/product"}],"wp:featuredmedia":[{"embeddable":true,"href":"https:\/\/automotiveleon.com.mx\/index.php\/wp-json\/wp\/v2\/media\/557"}],"wp:attachment":[{"href":"https:\/\/automotiveleon.com.mx\/index.php\/wp-json\/wp\/v2\/media?parent=556"}],"wp:term":[{"taxonomy":"product_cat","embeddable":true,"href":"https:\/\/automotiveleon.com.mx\/index.php\/wp-json\/wp\/v2\/product_cat?post=556"},{"taxonomy":"product_tag","embeddable":true,"href":"https:\/\/automotiveleon.com.mx\/index.php\/wp-json\/wp\/v2\/product_tag?post=556"}],"curies":[{"name":"wp","href":"https:\/\/api.w.org\/{rel}","templated":true}]}}