{"id":504,"date":"2024-10-24T05:51:10","date_gmt":"2024-10-24T05:51:10","guid":{"rendered":"https:\/\/automotiveleon.com.mx\/?post_type=product&#038;p=504"},"modified":"2024-10-24T05:51:10","modified_gmt":"2024-10-24T05:51:10","slug":"10-sensores-tpms-universal-metal-launch-dual-315-433mhz","status":"publish","type":"product","link":"https:\/\/automotiveleon.com.mx\/index.php\/producto\/10-sensores-tpms-universal-metal-launch-dual-315-433mhz\/","title":{"rendered":"10 Sensores Tpms Universal Metal Launch Dual 315 &#038; 433mhz"},"content":{"rendered":"<p>10 Piezas<br \/>\nLAUNCH LTR-03 SENSOR TPMS DE METAL UNIVERSAL BANDA-DUAL 315MHZ Y 433MHZ.<\/p>\n<p>Caracter\u00edsticas:<br \/>\nLTR-03 es un sensor de RF dise\u00f1ado y producido por LAUNCH que proporciona una cobertura de veh\u00edculos del 98% para ofrecer las mejores soluciones TPMS para cualquier taller de reparaci\u00f3n o talleres de neum\u00e1ticos.<\/p>\n<p>Puede combinar frecuencias de 315MHz y 433MHz en un solo sensor.<\/p>\n<p>Cuenta con un chip de grado automotriz, el valor de presi\u00f3n de LTR-01 puede ser preciso hasta 0.1 BAR. La v\u00e1lvula de aire de alta precisi\u00f3n puede prevenir eficazmente las fugas de aire y garantiza la durabilidad y la estabilidad.<\/p>\n<p>Con el excelente y confiable rendimiento de nivel OE (fabricante), LTR-01 puede reemplazar todos los sensores de presi\u00f3n de neum\u00e1ticos originales, copiar los datos originales del sensor de presi\u00f3n de neum\u00e1ticos y programarse varias veces indefinidamente.<\/p>\n<p>* Compatible con m\u00e1s del 95% de sensores OE (Fabricante)<br \/>\n* Duraci\u00f3n de la bater\u00eda de 4 a 6 a\u00f1os<br \/>\n* N\u00famero ilimitado de reprogramaciones para los sensores de Launch (Los originales o de otros fabricantes solo se pueden programar una vez en su vida)<\/p>\n","protected":false},"excerpt":{"rendered":"<h2 class=\"ui-pdp-title\">10 Sensores Tpms Universal Metal Launch Dual 315 &amp; 433mhz<\/h2>\n<div class=\"ui-pdp-specs__table\">\n<table class=\"andes-table\">\n<tbody class=\"andes-table__body\">\n<tr class=\"andes-table__row\">\n<th class=\"andes-table__header andes-table__header--left ui-pdp-specs__table__column ui-pdp-specs__table__column-title\" scope=\"row\">\n<div class=\"andes-table__header__container\">Marca<\/div>\n<\/th>\n<td id=\":R19esqk9im:\" class=\"andes-table__column andes-table__column--left andes-table__column--vertical-align-center ui-pdp-specs__table__column\"><span id=\":R19esqk9im:-value\" class=\"andes-table__column--value\">Launch<\/span><\/td>\n<\/tr>\n<tr class=\"andes-table__row\">\n<th class=\"andes-table__header andes-table__header--left ui-pdp-specs__table__column ui-pdp-specs__table__column-title\" scope=\"row\">\n<div class=\"andes-table__header__container\">N\u00famero de parte<\/div>\n<\/th>\n<td id=\":R19msqk9im:\" class=\"andes-table__column andes-table__column--left andes-table__column--vertical-align-center ui-pdp-specs__table__column\"><span id=\":R19msqk9im:-value\" class=\"andes-table__column--value\">LTR-03 METAL<\/span><\/td>\n<\/tr>\n<tr class=\"andes-table__row\">\n<th class=\"andes-table__header andes-table__header--left ui-pdp-specs__table__column ui-pdp-specs__table__column-title\" scope=\"row\">\n<div class=\"andes-table__header__container\">Unidades por envase<\/div>\n<\/th>\n<td id=\":R19usqk9im:\" class=\"andes-table__column andes-table__column--left andes-table__column--vertical-align-center ui-pdp-specs__table__column\"><span id=\":R19usqk9im:-value\" class=\"andes-table__column--value\">10<\/span><\/td>\n<\/tr>\n<\/tbody>\n<\/table>\n<\/div>\n<h3 class=\"ui-pdp-specs__subtitle\">Otros<\/h3>\n<div class=\"ui-pdp-list ui-pdp-specs__list\">\n<ul class=\"ui-pdp-list__wrapper\">\n<li class=\"ui-pdp-list__item\">\n<p class=\"ui-pdp-family--REGULAR ui-pdp-list__text\"><span class=\"ui-pdp-color--BLACK ui-pdp-size--XSMALL ui-pdp-family--BOLD\">Tipo de veh\u00edculo<\/span>: Auto\/Camioneta<\/p>\n<\/li>\n<li class=\"ui-pdp-list__item\">\n<p class=\"ui-pdp-family--REGULAR ui-pdp-list__text\"><span class=\"ui-pdp-color--BLACK ui-pdp-size--XSMALL ui-pdp-family--BOLD\">Posici\u00f3n<\/span>: Delantera\/Trasera<\/p>\n<\/li>\n<\/ul>\n<ul class=\"ui-pdp-list__wrapper\">\n<li class=\"ui-pdp-list__item\">\n<p class=\"ui-pdp-family--REGULAR ui-pdp-list__text\"><span class=\"ui-pdp-color--BLACK ui-pdp-size--XSMALL ui-pdp-family--BOLD\">Origen<\/span>: China<\/p>\n<\/li>\n<\/ul>\n<\/div>\n","protected":false},"featured_media":505,"template":"","meta":{"saved_in_kubio":false},"product_cat":[27],"product_tag":[],"class_list":{"0":"post-504","1":"product","2":"type-product","3":"status-publish","4":"has-post-thumbnail","6":"product_cat-launch","8":"first","9":"instock","10":"shipping-taxable","11":"product-type-simple"},"_links":{"self":[{"href":"https:\/\/automotiveleon.com.mx\/index.php\/wp-json\/wp\/v2\/product\/504","targetHints":{"allow":["GET"]}}],"collection":[{"href":"https:\/\/automotiveleon.com.mx\/index.php\/wp-json\/wp\/v2\/product"}],"about":[{"href":"https:\/\/automotiveleon.com.mx\/index.php\/wp-json\/wp\/v2\/types\/product"}],"wp:featuredmedia":[{"embeddable":true,"href":"https:\/\/automotiveleon.com.mx\/index.php\/wp-json\/wp\/v2\/media\/505"}],"wp:attachment":[{"href":"https:\/\/automotiveleon.com.mx\/index.php\/wp-json\/wp\/v2\/media?parent=504"}],"wp:term":[{"taxonomy":"product_cat","embeddable":true,"href":"https:\/\/automotiveleon.com.mx\/index.php\/wp-json\/wp\/v2\/product_cat?post=504"},{"taxonomy":"product_tag","embeddable":true,"href":"https:\/\/automotiveleon.com.mx\/index.php\/wp-json\/wp\/v2\/product_tag?post=504"}],"curies":[{"name":"wp","href":"https:\/\/api.w.org\/{rel}","templated":true}]}}