{"id":430,"date":"2024-10-24T04:28:13","date_gmt":"2024-10-24T04:28:13","guid":{"rendered":"https:\/\/automotiveleon.com.mx\/?post_type=product&#038;p=430"},"modified":"2024-10-24T04:28:13","modified_gmt":"2024-10-24T04:28:13","slug":"cj4r-injectoclean-scanner-automotriz-chrysler-modulo-9195","status":"publish","type":"product","link":"https:\/\/automotiveleon.com.mx\/index.php\/producto\/cj4r-injectoclean-scanner-automotriz-chrysler-modulo-9195\/","title":{"rendered":"Cj4r Injectoclean Scanner Automotriz + Chrysler Modulo 9195"},"content":{"rendered":"<p>Cj4r Injectoclean Scanner Automotriz + Chrysler Modulo 9195<\/p>\n<p>Por su cobertura extendida, facilidad de uso y conexiones inal\u00e1mbricas, con el CJ4R tendr\u00e1s la herramienta perfecta de reparaci\u00f3n automotriz para las actividades diarias en tu taller.<br \/>\nEl esc\u00e1ner automotriz CJ4R es un equipo de diagn\u00f3stico el cual tiene integrado un osciloscopio de 2 canales, e incluye cobertura en marcas espec\u00edficas para veh\u00edculos a gasolina y di\u00e9sel ligero.<br \/>\nA esta nueva presentaci\u00f3n se le denomina CJ4-R que tiene las siguientes caracter\u00edsticas generales:<\/p>\n<p>Protectores de goma en sus extremos.<br \/>\nSD card integrada.<br \/>\nM\u00f3dulo 9195<br \/>\nCompatible con CJ4 tradicional.<br \/>\nPuerto Bluetooth integrado.<br \/>\nMalet\u00edn compacto y resistente.<br \/>\nManual impreso.<br \/>\n2 a\u00f1os de actualizaciones gratis.<br \/>\n2 a\u00f1os de garant\u00eda.<br \/>\nAmplia cobertura. (Ver listado del CJ4)<br \/>\nScanner de primera opci\u00f3n en el diagn\u00f3stico.<br \/>\nOsciloscopio integrado 2 canales.<br \/>\nPuerto USB<br \/>\nFUNCIONES.<br \/>\n1.- Escaner Multimarcas.<br \/>\n2.- Osciloscopio 2 canales.<br \/>\n3.- Manejo a distancia por Bluetooth.<\/p>\n<p>CARACTER\u00cdSTICAS DEL CJ4R<\/p>\n<p>COBERTURA.- El CJ4R tiene una cobertura dirigida a los autom\u00f3viles que m\u00e1s llegan a los talleres despu\u00e9s de expirar la garant\u00eda de las agencias. Para m\u00e1s de 50 marcas incluyendo Americanos, Asi\u00e1ticos y Europeos.<br \/>\nEn modelos espec\u00edficos cuenta con funciones especiales como ajustes de cuerpos de aceleraci\u00f3n, transmisiones powershift, programaci\u00f3n de llaves, controles bidireccionales, direcci\u00f3n hidr\u00e1ulica, ajustes b\u00e1sicos, hermanar computadoras FCA, calibracion inyectores common rail y m\u00e1s<\/p>\n<p>FACILIDAD DE USO.- El sistema de navegaci\u00f3n del CJ4R es intuitivo y f\u00e1cil de manejar. Por ser una plataforma ampliamente utilizada, muchos t\u00e9cnicos han sido entrenados o han operado el equipo con anterioridad, esto permite una r\u00e1pida puesta en marcha sin tener que invertir repetidamente en entrenamiento en manejo y operaci\u00f3n de escaners de diagn\u00f3stico automotriz y dedicar m\u00e1s inversi\u00f3n en entrenamiento sobre el funcionamiento y reparaci\u00f3n de los sistemas automotrices.<\/p>\n<p>RENDIMIENTO.- En promedio, m\u00e1s del 80% de las fallas en los autom\u00f3viles m\u00e1s populares se reparan y se ajustan con la informaci\u00f3n y medici\u00f3n desplegada por un CJ4R. Este rendimiento lo hace altamente atractivo al ofrecer el mayor costo\/beneficio del mercado.<\/p>\n<p>DURABILIDAD.- El dise\u00f1o del escaner CJ4R est\u00e1 basado en la durabilidad y robustez.<br \/>\nSu pantalla monocrom\u00e1tica resiste altas temperaturas tanto del motor del autom\u00f3vil como de luz solar directa, as\u00ed como mantener visibilidad en cualquier condici\u00f3n de iluminaci\u00f3n. Los soportes laterales de goma lo hacen resistente a ca\u00eddas, abuso y almacenaje. El teclado de membrana permite una f\u00e1cil operaci\u00f3n con alta resistencia a aceites y grasas.<\/p>\n<p>INVERSI\u00d3N EN ACTUALIZACIONES.- El CJ4R incluye dos a\u00f1os de actualizaciones gratuitas. Despu\u00e9s de expirar las actualizaciones gratuitas, los costos por actualizarlo son los mas bajos de cualquier escaner en el mercado, con un estimado de no m\u00e1s de 2,000 pesos incluyendo IVA<\/p>\n<p>OSCILOSCOPIO.- Una gran ventaja que hace al CJ4R \u00fanico en su tipo, es que integra un osciloscopio de dos canales con mediciones m\u00ednimas, m\u00e1ximas, cursores, formas de onda, rango de 1 a 20 voltios y 400,000 lecturas por segundo. Es ideal para capturar la mayor\u00eda de las se\u00f1ales automotrices con la resoluci\u00f3n necesaria para un an\u00e1lisis r\u00e1pido y sencillo.<br \/>\nEl osciloscopio es una herramienta que permite localizar problemas que no se pueden detectar con el escaner y es base para an\u00e1lisis m\u00e1s profundos al analizar la interacci\u00f3n de dispositivos electr\u00f3nicos de control como sensores, actuadores, inyectores, bobinas, relevadores, computadoras, motores, v\u00e1lvulas y m\u00e1s.<\/p>\n<p>BLUETOOTH INALAMBRICO.- Si la pantalla monocrom\u00e1tica integrada no es suficiente para desplegar informaci\u00f3n m\u00e1s espec\u00edfica, el CJ4R es el \u00fanico escaner\/osciloscopio que puede desplegar informaci\u00f3n en dispositivos Android y IOS de manera remota e inal\u00e1mbrica. Con esta capacidad es posible desplegar en tablets con pantallas superiores a 10 pulgadas para usarse como escaner u osciloscopio.<\/p>\n<p>DIESEL LIGERO.- Muchos de los veh\u00edculos de diesel ligeros utilizados como utilitarios o de reparto pueden ser diagnosticados con el CJ4R. Cobertura para Sprinter, Worker, Kangoo, Transit, Hino, International e Isuzu<\/p>\n<p>ISUZU CAMIONES.- El CJ4R cuenta con cobertura especializada en camiones de carga y reparto de la marca ISUZU. Es el equipo recomendado por distribuidores de fabricante por su cobertura en camiones ELF y la capacidad de realizar ajustes a inyectores y funciones especializadas.<\/p>\n<p>SD CARD.- La utilizaci\u00f3n de SD CARD permite intercambiar informaci\u00f3n entre una PC y el CJ4R para realizar reportes, gr\u00e1ficas, almacenaje, ajustes, configuraci\u00f3n, actualizaci\u00f3n, personalizaci\u00f3n y m\u00e1s.<\/p>\n<p>NO REQUIERE BATERIAS.- El CJ4R no requiere estar reemplazando las bater\u00edas cada dos a\u00f1os ya que se alimenta exclusivamente del conector OBDII del autom\u00f3vil y adem\u00e1s por el puerto USB conect\u00e1ndolo a una computadora PC.<\/p>\n<p>PREVERIFICACIONES ECOL\u00d3GICAS.- El CJ4R contiene la aplicaci\u00f3n CJSMOG que realiza preverificaciones basado en la norma oficial mexicana, ya que solo utiliza los monitores requeridos por la norma para dar resultados precisos en un sem\u00e1foro en pantalla. No hay necesidad de realizar la interpretaci\u00f3n de todos los monitores que escaners importados despliegan, ya que no identifican y separan los requeridos por la norma mexicana de la megal\u00f3polis.<\/p>\n<p>DISPOSITIVOS OPCIONALES.- El CJ4R es el \u00fanico esc\u00e1ner que cuenta con dispositivos opcionales como es el probador de inyectores que permite simular condiciones de cualquier operaci\u00f3n del inyector en el motor para realizar an\u00e1lisis de flujo e integridad el\u00e9ctrica. Adem\u00e1s, cuenta con un probador de bater\u00edas opcional que realiza pruebas de vida de bater\u00edas sin necesidad de tener la bater\u00eda cargada. \u00datil para un amplio rango de capacidades CCA. Utiliza tecnolog\u00eda de conductancia de la empresa MIDTRONICS(c) debidamente licenciada y protegida.<\/p>\n<p>INVERSI\u00d3N ASEGURADA.- Siendo un equipo de uso m\u00faltiple, bajo costo de mantenimiento, actualizaciones accesibles, facilidad de uso, una gama de cobertura muy utilizada, soporte de f\u00e1brica multi-a\u00f1os, servicio de reparaciones, garant\u00edas y alta durabilidad, el CJ4R es el escaner que tiene el m\u00e1s alto valor patrimonial y la m\u00e1s baja depreciaci\u00f3n en el mercado.<\/p>\n<p>GARANT\u00cdA.- El CJ4R es el \u00daNICO ESCANER EN EL MERCADO que cuenta con la M\u00c1S ALTA GARANT\u00cdA de 3 A\u00d1OS, aplicable para escaners con una participaci\u00f3n de mercado similar.<\/p>\n","protected":false},"excerpt":{"rendered":"<h2 class=\"ui-pdp-title\">Cj4r Injectoclean Scanner Automotriz + Chrysler Modulo 9195<\/h2>\n<div class=\"ui-pdp-specs__table\">\n<table class=\"andes-table\">\n<tbody class=\"andes-table__body\">\n<tr class=\"andes-table__row\">\n<th class=\"andes-table__header andes-table__header--left ui-pdp-specs__table__column ui-pdp-specs__table__column-title\" scope=\"row\">\n<div class=\"andes-table__header__container\">Marca<\/div>\n<\/th>\n<td id=\":R19esqk9im:\" class=\"andes-table__column andes-table__column--left andes-table__column--vertical-align-center ui-pdp-specs__table__column\"><span id=\":R19esqk9im:-value\" class=\"andes-table__column--value\">Injectronic<\/span><\/td>\n<\/tr>\n<tr class=\"andes-table__row\">\n<th class=\"andes-table__header andes-table__header--left ui-pdp-specs__table__column ui-pdp-specs__table__column-title\" scope=\"row\">\n<div class=\"andes-table__header__container\">Modelo<\/div>\n<\/th>\n<td id=\":R19msqk9im:\" class=\"andes-table__column andes-table__column--left andes-table__column--vertical-align-center ui-pdp-specs__table__column\"><span id=\":R19msqk9im:-value\" class=\"andes-table__column--value\">CJ4-R<\/span><\/td>\n<\/tr>\n<tr class=\"andes-table__row\">\n<th class=\"andes-table__header andes-table__header--left ui-pdp-specs__table__column ui-pdp-specs__table__column-title\" scope=\"row\">\n<div class=\"andes-table__header__container\">N\u00famero de parte<\/div>\n<\/th>\n<td id=\":R19usqk9im:\" class=\"andes-table__column andes-table__column--left andes-table__column--vertical-align-center ui-pdp-specs__table__column\"><span id=\":R19usqk9im:-value\" class=\"andes-table__column--value\">33029<\/span><\/td>\n<\/tr>\n<\/tbody>\n<\/table>\n<\/div>\n<h3 class=\"ui-pdp-specs__subtitle\">Otros<\/h3>\n<div class=\"ui-pdp-list ui-pdp-specs__list\">\n<ul class=\"ui-pdp-list__wrapper\">\n<li class=\"ui-pdp-list__item\">\n<p class=\"ui-pdp-family--REGULAR ui-pdp-list__text\"><span class=\"ui-pdp-color--BLACK ui-pdp-size--XSMALL ui-pdp-family--BOLD\">Incluye cable<\/span>: S\u00ed<\/p>\n<\/li>\n<li class=\"ui-pdp-list__item\">\n<p class=\"ui-pdp-family--REGULAR ui-pdp-list__text\"><span class=\"ui-pdp-color--BLACK ui-pdp-size--XSMALL ui-pdp-family--BOLD\">Idioma<\/span>: Espa\u00f1ol<\/p>\n<\/li>\n<\/ul>\n<ul class=\"ui-pdp-list__wrapper\">\n<li class=\"ui-pdp-list__item\">\n<p class=\"ui-pdp-family--REGULAR ui-pdp-list__text\"><span class=\"ui-pdp-color--BLACK ui-pdp-size--XSMALL ui-pdp-family--BOLD\">Interface<\/span>: Digital<\/p>\n<\/li>\n<li class=\"ui-pdp-list__item\">\n<p class=\"ui-pdp-family--REGULAR ui-pdp-list__text\"><span class=\"ui-pdp-color--BLACK ui-pdp-size--XSMALL ui-pdp-family--BOLD\">Actualizable<\/span>: S\u00ed<\/p>\n<\/li>\n<\/ul>\n<\/div>\n","protected":false},"featured_media":431,"template":"","meta":{"saved_in_kubio":false},"product_cat":[23],"product_tag":[],"class_list":{"0":"post-430","1":"product","2":"type-product","3":"status-publish","4":"has-post-thumbnail","6":"product_cat-escaner-automotriz","8":"first","9":"instock","10":"shipping-taxable","11":"product-type-simple"},"_links":{"self":[{"href":"https:\/\/automotiveleon.com.mx\/index.php\/wp-json\/wp\/v2\/product\/430","targetHints":{"allow":["GET"]}}],"collection":[{"href":"https:\/\/automotiveleon.com.mx\/index.php\/wp-json\/wp\/v2\/product"}],"about":[{"href":"https:\/\/automotiveleon.com.mx\/index.php\/wp-json\/wp\/v2\/types\/product"}],"wp:featuredmedia":[{"embeddable":true,"href":"https:\/\/automotiveleon.com.mx\/index.php\/wp-json\/wp\/v2\/media\/431"}],"wp:attachment":[{"href":"https:\/\/automotiveleon.com.mx\/index.php\/wp-json\/wp\/v2\/media?parent=430"}],"wp:term":[{"taxonomy":"product_cat","embeddable":true,"href":"https:\/\/automotiveleon.com.mx\/index.php\/wp-json\/wp\/v2\/product_cat?post=430"},{"taxonomy":"product_tag","embeddable":true,"href":"https:\/\/automotiveleon.com.mx\/index.php\/wp-json\/wp\/v2\/product_tag?post=430"}],"curies":[{"name":"wp","href":"https:\/\/api.w.org\/{rel}","templated":true}]}}