{"id":304,"date":"2024-10-22T03:34:25","date_gmt":"2024-10-22T03:34:25","guid":{"rendered":"https:\/\/automotiveleon.com.mx\/?post_type=product&#038;p=304"},"modified":"2024-10-22T03:34:25","modified_gmt":"2024-10-22T03:34:25","slug":"torquimetro-digital-snapon-12-de-12-5-a-250-ft-lb","status":"publish","type":"product","link":"https:\/\/automotiveleon.com.mx\/index.php\/producto\/torquimetro-digital-snapon-12-de-12-5-a-250-ft-lb\/","title":{"rendered":"Torqu\u00edmetro Digital Snapon 12 De 12.5 A 250 Ft Lb"},"content":{"rendered":"<p>\u2022 Torque: 25-250 pies-libra<\/p>\n<p>\u2022 Precisi\u00f3n de torsi\u00f3n: \u00b12 % en sentido horario y \u00b13 % en sentido antihorario, 20-100 % de la escala completa; \u00b14% CW y \u00b16% CCW, 10-19% de la escala completa; \u00b14% CW y \u00b16% CCW, 10-19% de la escala completa; 10% CCW del 5 al 9% de la escala completa (solo TECH Z)<\/p>\n<p>\u2022 Preajuste manual y seguimiento autom\u00e1tico con modos de retenci\u00f3n de picos<\/p>\n<p>\u2022 Conversi\u00f3n de unidades de torsi\u00f3n: N\u2022m, ft-lb, in-lb<\/p>\n<p>\u2022 Alertas preestablecidas audibles (tono) y t\u00e1ctiles (mango vibratorio)<\/p>\n<p>\u2022 Resoluci\u00f3n de pantalla: 0,1 ft-lb, 0,1 N\u2022m, 1 in-lb<\/p>\n<p>\u2022 Cada bot\u00f3n tiene solo una funci\u00f3n (encendido, aumento preestablecido, disminuci\u00f3n preestablecida, selecci\u00f3n de unidad de medida)<\/p>\n<p>\u2022 Agarre c\u00f3modo y antideslizante<\/p>\n<p>\u2022 El soporte en la parte inferior del mango evita que la herramienta se caiga de una superficie plana<\/p>\n<p>\u2022 Los trinquetes sellados de cabeza flexible se mueven \u00b115\u00b0<\/p>\n<p>\u2022 Indicador de bater\u00eda baja y apagado autom\u00e1tico (despu\u00e9s de dos minutos de inactividad)<\/p>\n<p>\u2022 Utiliza (3) pilas de litio AA (incluidas)<\/p>\n<p>\u2022 Incluye estuche de almacenamiento<\/p>\n<p>\u2022 Fuerte y duradero; Se puede flexionar hasta 15\u00b0 para despejar los nudillos y las obstrucciones.<\/p>\n<p>Especificaciones<br \/>\nRango, pies-libra 25\u2013250<br \/>\nTemperatura de funcionamiento 40\u2013110 \u00b0F (5\u201342 \u00b0C)<br \/>\nColor de la carcasa Rojo<br \/>\nRango, pulgadas-libra 300\u20133000<br \/>\nAcci\u00f3n del engranaje 4,5\u00b0<br \/>\nPa\u00eds de origen EE.UU.<br \/>\nTemperatura de almacenamiento 0\u2013122 \u00b0F (-20\u201350 \u00b0C)<br \/>\nEstuche de almacenamiento PBTECH3<br \/>\nDientes de engranaje 80<br \/>\nLongitud, pulgadas 26-1\/4<br \/>\nAncho de la cabeza, pulgadas 1-5\/8<br \/>\nAlcance, N\u2022m 34\u2013339<br \/>\nKit de servicio de trinquete RKRS80A<br \/>\nTipo de cabeza Cabeza flexible sellada<br \/>\nUnidad cuadrada, pulgadas 1\/2<br \/>\nProfundidad de la cabeza, pulgadas 3\/4<br \/>\nHumedad hasta 90% sin condensaci\u00f3n<\/p>\n","protected":false},"excerpt":{"rendered":"<h2 class=\"ui-pdp-title\">Torqu\u00edmetro Digital Snapon 1\/2 De 12.5 A 250 Ft Lb<\/h2>\n<div class=\"ui-pdp-specs__tables\">\n<div class=\"ui-pdp-specs__table\">\n<table class=\"andes-table\">\n<tbody class=\"andes-table__body\">\n<tr class=\"andes-table__row\">\n<th class=\"andes-table__header andes-table__header--left ui-pdp-specs__table__column ui-pdp-specs__table__column-title\" scope=\"row\">\n<div class=\"andes-table__header__container\">Marca<\/div>\n<\/th>\n<td id=\":Rabt4basm:\" class=\"andes-table__column andes-table__column--left andes-table__column--vertical-align-center ui-pdp-specs__table__column\"><span id=\":Rabt4basm:-value\" class=\"andes-table__column--value\">Snap On<\/span><\/td>\n<\/tr>\n<tr class=\"andes-table__row\">\n<th class=\"andes-table__header andes-table__header--left ui-pdp-specs__table__column ui-pdp-specs__table__column-title\" scope=\"row\">\n<div class=\"andes-table__header__container\">Modelo<\/div>\n<\/th>\n<td id=\":Radt4basm:\" class=\"andes-table__column andes-table__column--left andes-table__column--vertical-align-center ui-pdp-specs__table__column\"><span id=\":Radt4basm:-value\" class=\"andes-table__column--value\">SNP-ATECH3FR250A<\/span><\/td>\n<\/tr>\n<tr class=\"andes-table__row\">\n<th class=\"andes-table__header andes-table__header--left ui-pdp-specs__table__column ui-pdp-specs__table__column-title\" scope=\"row\">\n<div class=\"andes-table__header__container\">Tipo de torqu\u00edmetro<\/div>\n<\/th>\n<td id=\":Raft4basm:\" class=\"andes-table__column andes-table__column--left andes-table__column--vertical-align-center ui-pdp-specs__table__column\"><span id=\":Raft4basm:-value\" class=\"andes-table__column--value\">Digital<\/span><\/td>\n<\/tr>\n<\/tbody>\n<\/table>\n<\/div>\n<\/div>\n<h3 class=\"ui-pdp-specs__subtitle\">Otras caracter\u00edsticas<\/h3>\n<div class=\"ui-pdp-list ui-pdp-specs__list\">\n<ul class=\"ui-pdp-list__wrapper\">\n<li class=\"ui-pdp-list__item\">\n<p class=\"ui-pdp-family--REGULAR ui-pdp-list__text\"><span class=\"ui-pdp-color--BLACK ui-pdp-size--XSMALL ui-pdp-family--BOLD\">Tama\u00f1o de encastre<\/span>: 1\/2&#8243;<\/p>\n<\/li>\n<li class=\"ui-pdp-list__item\">\n<p class=\"ui-pdp-family--REGULAR ui-pdp-list__text\"><span class=\"ui-pdp-color--BLACK ui-pdp-size--XSMALL ui-pdp-family--BOLD\">Rango de torque<\/span>: 250 ft-lbs<\/p>\n<\/li>\n<\/ul>\n<ul class=\"ui-pdp-list__wrapper\">\n<li class=\"ui-pdp-list__item\">\n<p class=\"ui-pdp-family--REGULAR ui-pdp-list__text\"><span class=\"ui-pdp-color--BLACK ui-pdp-size--XSMALL ui-pdp-family--BOLD\">Es torqu\u00edmetro bidireccional<\/span>: S\u00ed<\/p>\n<\/li>\n<li class=\"ui-pdp-list__item\">\n<p class=\"ui-pdp-family--REGULAR ui-pdp-list__text\"><span class=\"ui-pdp-color--BLACK ui-pdp-size--XSMALL ui-pdp-family--BOLD\">Incluye estuche<\/span>: S\u00ed<\/p>\n<\/li>\n<\/ul>\n<ul class=\"ui-pdp-list__wrapper\">\n<li class=\"ui-pdp-list__item\">\n<p class=\"ui-pdp-family--REGULAR ui-pdp-list__text\"><span class=\"ui-pdp-color--BLACK ui-pdp-size--XSMALL ui-pdp-family--BOLD\">Largo<\/span>: 67 cm<\/p>\n<\/li>\n<li class=\"ui-pdp-list__item\">\n<p class=\"ui-pdp-family--REGULAR ui-pdp-list__text\"><span class=\"ui-pdp-color--BLACK ui-pdp-size--XSMALL ui-pdp-family--BOLD\">Peso<\/span>: 2 kg<\/p>\n<\/li>\n<\/ul>\n<ul class=\"ui-pdp-list__wrapper\">\n<li class=\"ui-pdp-list__item\">\n<p class=\"ui-pdp-family--REGULAR ui-pdp-list__text\"><span class=\"ui-pdp-color--BLACK ui-pdp-size--XSMALL ui-pdp-family--BOLD\">Incluye certificado de calibraci\u00f3n<\/span>: S\u00ed<\/p>\n<\/li>\n<li class=\"ui-pdp-list__item\">\n<p class=\"ui-pdp-family--REGULAR ui-pdp-list__text\"><span class=\"ui-pdp-color--BLACK ui-pdp-size--XSMALL ui-pdp-family--BOLD\">Cantidad de dientes<\/span>: 80<\/p>\n<\/li>\n<\/ul>\n<\/div>\n","protected":false},"featured_media":305,"template":"","meta":{"saved_in_kubio":false},"product_cat":[20],"product_tag":[],"class_list":{"0":"post-304","1":"product","2":"type-product","3":"status-publish","4":"has-post-thumbnail","6":"product_cat-snapon","8":"first","9":"instock","10":"shipping-taxable","11":"product-type-simple"},"_links":{"self":[{"href":"https:\/\/automotiveleon.com.mx\/index.php\/wp-json\/wp\/v2\/product\/304","targetHints":{"allow":["GET"]}}],"collection":[{"href":"https:\/\/automotiveleon.com.mx\/index.php\/wp-json\/wp\/v2\/product"}],"about":[{"href":"https:\/\/automotiveleon.com.mx\/index.php\/wp-json\/wp\/v2\/types\/product"}],"wp:featuredmedia":[{"embeddable":true,"href":"https:\/\/automotiveleon.com.mx\/index.php\/wp-json\/wp\/v2\/media\/305"}],"wp:attachment":[{"href":"https:\/\/automotiveleon.com.mx\/index.php\/wp-json\/wp\/v2\/media?parent=304"}],"wp:term":[{"taxonomy":"product_cat","embeddable":true,"href":"https:\/\/automotiveleon.com.mx\/index.php\/wp-json\/wp\/v2\/product_cat?post=304"},{"taxonomy":"product_tag","embeddable":true,"href":"https:\/\/automotiveleon.com.mx\/index.php\/wp-json\/wp\/v2\/product_tag?post=304"}],"curies":[{"name":"wp","href":"https:\/\/api.w.org\/{rel}","templated":true}]}}