{"id":265,"date":"2024-10-22T02:16:45","date_gmt":"2024-10-22T02:16:45","guid":{"rendered":"https:\/\/automotiveleon.com.mx\/?post_type=product&#038;p=265"},"modified":"2024-10-22T02:16:45","modified_gmt":"2024-10-22T02:16:45","slug":"bgs-8261-herramienta-de-sincronia-vw-audi-1-4-1-6-y-1-8-tur","status":"publish","type":"product","link":"https:\/\/automotiveleon.com.mx\/index.php\/producto\/bgs-8261-herramienta-de-sincronia-vw-audi-1-4-1-6-y-1-8-tur\/","title":{"rendered":"Bgs 8261 Herramienta De Sincron\u00eda Vw Audi 1.4, 1.6 Y 1.8 Tur"},"content":{"rendered":"<p>BGS 8261 Kit de sincronizaci\u00f3n para motores VW \/ Audi FSI 1.4, 1.6 y 1.8 Lts Turbo<\/p>\n<p>Adecuado para motores FSI 1.4, 1,8L y 1,6 Lts Turbo (TFSI)<br \/>\nSimilar al OEM3036<br \/>\nReglaje del \u00e1rbol de levas similar al OEMT10171<br \/>\nBloqueo del pi\u00f1\u00f3n de la cadena de distribuci\u00f3n, \u00e1rbol de levas, el amortiguador similar al T10172OEM<br \/>\nAdaptadores para bloqueo similar al T10172OEM<br \/>\nSoporte para el ajuste, montaje y desmontaje de la cadena de ajuste similar al OEMT20018\/3366<br \/>\nPara los siguientes modelos de coches Audi:<br \/>\nA3 1.8 Turbo (AGN, AGU, ajq, APG, AQA, APP, ARX, ARY, ARZ, AUM, AUQ) 1996-2003<br \/>\nA3 1.6 FSI (BAG) 2003-2006<br \/>\nS3 1,8 Turbo (AMK, APY, BAM) 1996<br \/>\nA4 1.8 Turbo (ADR, AEB, AJL, AJP, ANB, APU, AVJ, AWT) desde 1994 hasta 2006<br \/>\nA6 1.8 Turbo (ADR, AEB, AJL, AJP, ANB, APU, AVJ, AWT) desde 1994 hasta 2006<br \/>\nCabriolet 1.8 (ADR) 1997-2000<br \/>\nTT 1.8 Turbo (APP, ajq, APX, AUM, AUQ, BAM) 1998-2006<br \/>\nVolkswagen:<br \/>\nBeetle 1,8 Turbo (AVC) 1999-2006<br \/>\nTouran 1.6 FSI (BLP, BAG) 2003-2007<br \/>\nGolf 1.8 Turbo (AGN, AGU, AQA, ARZ, AUM, AUQ) desde 1997 hasta 2005<br \/>\nBora 1.8 Turbo (AGN, AGU, AQA, ARZ, AUM, AUQ) desde 1997 hasta 2005<br \/>\nPassat 1.8 Turbo (ADR, AEB, ANB, APT, APU, ARG, AWT) 1996-2005<br \/>\nSeat:<br \/>\nSharan 1.8 Turbo (AJH, AWC) 1997 a 2007<br \/>\nIbiza 1.8 Turbo (AQX, AYP) 1999-2002<br \/>\nC\u00f3rdoba 1,8 Turbo (AQX, AYP) 1999-2002<br \/>\nLeon 1.8 Turbo (ajq, AQN, APG, ARY, AUQ, APP, APT) 1999-2005<br \/>\nToledo Turbo (APG, AQN, APT, AUQ, ARY) 1999-2005<br \/>\nAlhambra 1,8 Turbo (AJW, AWC) 1997 a 2007<\/p>\n","protected":false},"excerpt":{"rendered":"<h2 class=\"ui-pdp-title\">Bgs 8261 Herramienta De Sincron\u00eda Vw Audi 1.4, 1.6 Y 1.8 Tur<\/h2>\n<div class=\"ui-pdp-specs__tables\">\n<div class=\"ui-pdp-specs__table\">\n<table class=\"andes-table\">\n<tbody class=\"andes-table__body\">\n<tr class=\"andes-table__row\">\n<th class=\"andes-table__header andes-table__header--left ui-pdp-specs__table__column ui-pdp-specs__table__column-title\" scope=\"row\">\n<div class=\"andes-table__header__container\">Marca<\/div>\n<\/th>\n<td id=\":Rabt4basm:\" class=\"andes-table__column andes-table__column--left andes-table__column--vertical-align-center ui-pdp-specs__table__column\"><span id=\":Rabt4basm:-value\" class=\"andes-table__column--value\">BGS<\/span><\/td>\n<\/tr>\n<tr class=\"andes-table__row\">\n<th class=\"andes-table__header andes-table__header--left ui-pdp-specs__table__column ui-pdp-specs__table__column-title\" scope=\"row\">\n<div class=\"andes-table__header__container\">Modelo<\/div>\n<\/th>\n<td id=\":Radt4basm:\" class=\"andes-table__column andes-table__column--left andes-table__column--vertical-align-center ui-pdp-specs__table__column\"><span id=\":Radt4basm:-value\" class=\"andes-table__column--value\">8261<\/span><\/td>\n<\/tr>\n<\/tbody>\n<\/table>\n<\/div>\n<\/div>\n<h3 class=\"ui-pdp-specs__subtitle\">Otras caracter\u00edsticas<\/h3>\n<div class=\"ui-pdp-list ui-pdp-specs__list\">\n<ul class=\"ui-pdp-list__wrapper\">\n<li class=\"ui-pdp-list__item\">\n<p class=\"ui-pdp-family--REGULAR ui-pdp-list__text\"><span class=\"ui-pdp-color--BLACK ui-pdp-size--XSMALL ui-pdp-family--BOLD\">Cantidad de piezas<\/span>: 4<\/p>\n<\/li>\n<\/ul>\n<\/div>\n","protected":false},"featured_media":266,"template":"","meta":{"saved_in_kubio":false},"product_cat":[25],"product_tag":[],"class_list":{"0":"post-265","1":"product","2":"type-product","3":"status-publish","4":"has-post-thumbnail","6":"product_cat-herramientas-manuales","8":"first","9":"instock","10":"shipping-taxable","11":"product-type-simple"},"_links":{"self":[{"href":"https:\/\/automotiveleon.com.mx\/index.php\/wp-json\/wp\/v2\/product\/265","targetHints":{"allow":["GET"]}}],"collection":[{"href":"https:\/\/automotiveleon.com.mx\/index.php\/wp-json\/wp\/v2\/product"}],"about":[{"href":"https:\/\/automotiveleon.com.mx\/index.php\/wp-json\/wp\/v2\/types\/product"}],"wp:featuredmedia":[{"embeddable":true,"href":"https:\/\/automotiveleon.com.mx\/index.php\/wp-json\/wp\/v2\/media\/266"}],"wp:attachment":[{"href":"https:\/\/automotiveleon.com.mx\/index.php\/wp-json\/wp\/v2\/media?parent=265"}],"wp:term":[{"taxonomy":"product_cat","embeddable":true,"href":"https:\/\/automotiveleon.com.mx\/index.php\/wp-json\/wp\/v2\/product_cat?post=265"},{"taxonomy":"product_tag","embeddable":true,"href":"https:\/\/automotiveleon.com.mx\/index.php\/wp-json\/wp\/v2\/product_tag?post=265"}],"curies":[{"name":"wp","href":"https:\/\/api.w.org\/{rel}","templated":true}]}}